be p(9). Suppose 0 = 11*w - 7*w + o. Give h(w).
-6
Let b(o) = -o**2 - 5*o + 6. Let v(a) = 6*a**3 - a + 3. Let h be v(2). Let q = 49 - h. Suppose -z - 16 = 3*r, -z + 5 + q = 0. What is b(r)?
-8
Let t(l) = l**3 + 7*l**2 + 11*l + 8. Suppose 96 - 281 - 67 = 42*v. Calculate t(v).
-22
Let x(z) = -z**3 + 4*z**2 + 19*z + 4. Let u be x(7). Let w(p) = -p**3 - 8*p**2 + 18*p + 1. What is w(u)?
21
Let u(w) be the third derivative of -w**4 + 175*w**3/6 + 2009*w**2. Give u(7).
7
Let y = -403 - -443. Suppose -54*q = -46*q + y. Let s(p) = p**2 + 5*p + 1. What is s(q)?
1
Let m = 346 + -350. Suppose 0 = 3*w + 1 - 4. Let z(i) = 12*i + 3 - w - 14*i. Calculate z(m).
10
Let r = 26 - 23. Suppose 5*j - 40 = -r*j. Let n be 3/5*j + -2. Let s(v) = 9*v**3 - v**2 - v + 1. Calculate s(n).
8
Let y(n) = -9*n**3 + 0 + 3*n + n**2 + 3 - n - 2. Let z = 23 - 14. Suppose z*p + 1 = -8. Give y(p).
9
Let l(m) be the second derivative of m**4/12 + 5*m**3/3 - 5*m**2 - 1190*m - 1. Calculate l(-11).
1
Let x be 882/196*(-8)/18. Let n(u) = -3*u**3 + u - 3. Determine n(x).
19
Let k(n) = n + 503. Let u(p) = 278. Let o(g) = 5*k(g) - 9*u(g). Calculate o(-3).
-2
Let m(r) = r**3 - 4*r**2 - 3*r - 7. Let o be m(5). Let c(y) = o*y - 3*y - 9 + 3*y + 0*y. Let n be c(3). Let d(k) = -k**3 - 5. Give d(n).
-5
Let u(w) be the third derivative of w**4/24 - 2*w**3 - 3*w**2. Suppose 8192 = -3*m - 4*k + 8204, -2*m + 5*k = 15. Calculate u(m).
-12
Suppose -52 + 8 = -11*r. Let f(i) = 27 - i - i - 13 + 0*i + r*i. Give f(-6).
2
Let m be -6*(348/108 - 4)*6/(-4). Let c(n) = -3 - 3*n - 2*n + 5*n**2 - 5*n**2 - n**2. Determine c(m).
-17
Suppose 38 = -3*w + 5*j, -j + 24 = -2*w + 2*j. Let y(p) be the first derivative of -1/2*p**2 + 21 + 4*p. Determine y(w).
10
Suppose 2*d = 31 - 19. Let z(j) = -d*j - 7*j**2 - 8*j**2 - 3*j + 7*j**2 + j**3. Determine z(9).
0
Let s be 3 + (6 + -3 + 2)*1/(-5). Let j(r) = -52*r - 3. Give j(s).
-107
Suppose -16 = z + 4*j, 5*z + 8*j - 12 = 11*j. Suppose 4*u + 11*y - 9*y = 22, z = -4*u + 2*y + 18. Let h(v) = -v**3 + 4*v**2 + 6*v + 7. What is h(u)?
12
Let w be (-4)/(-24)*0 + 6. Suppose -29 = 5*i - 3*g, w*i - 4*i = g - 11. Let t(d) = -d**3 - 3*d**2 - 3*d - 5. Determine t(i).
23
Let w(t) = t**2 + 3*t - 4. Suppose -k - 2*k - 4266 = -5*h, -1725 = -2*h - 5*k. Let f be h/114*-1*(-2)/(-3). Give w(f).
6
Let j(c) be the third derivative of -c**6/120 + 2*c**5/15 - 5*c**4/8 + 7*c**3/3 + 131*c**2 + 3. Calculate j(6).
-4
Let r(o) = o**2 + o. Let g(b) = -4*b**2 - 12*b - 9. Let s(i) = g(i) + 3*r(i). Let j = -216 - -402. Let m = -193 + j. Give s(m).
5
Let p(g) = g**2 - 9*g - 12. Suppose 4*n - 4 = 0, 0 = -12*c + 13*c + n + 9. Let t be (-192)/190*c + (-4)/38. Calculate p(t).
-2
Let v(l) be the second derivative of -l**3/3 - 3*l**2 - 3*l. Let i be (-19)/(-4) - (6 + (-75)/12). Suppose 4 = 3*a + i*p, -a - 4*p - 8 = -0*p. Determine v(a).
-22
Let b(x) = -99*x**3 - 13*x**2 + 6*x - 10. Let f(y) = -66*y**3 - 9*y**2 + 4*y - 7. Let k(j) = -5*b(j) + 7*f(j). Calculate k(1).
34
Let l(u) = -u**3 - 13*u**2 + 11*u + 10. Let p = 4365 + -4379. Give l(p).
52
Let q(i) = i**2 + 13*i + 30. Suppose 44*w - 39*w - 23 = 3*a, 5*a - 5*w = -35. Calculate q(a).
-12
Let j(o) = o + 111963401 - 2*o - 111963411 + 2*o. Suppose -3*x + 30 = 3. Suppose 2*c - x = -3*v + 16, 5*v - 20 = c. Calculate j(c).
-5
Let b be ((1 - 2)*(-5 + 4))/1. Let l be (-10)/4*(-8)/(-10) - -4. Let y(u) = 3*u**l - 16*u**2 - 6*u**2 - 1 + 0*u**2. Calculate y(b).
-20
Let m(t) be the third derivative of -t**5/30 + 7*t**4/8 + 4*t**3 + 14*t**2 + 9. What is m(10)?
34
Let q(s) = s**3 + s**2 + 3*s + 4. Suppose 89 = -44*h - 87. Let a(l) = l**3 + 4*l**2 - l - 7. Let t be a(h). Determine q(t).
-23
Let n(z) = z**3 + 9*z**2 + 8*z - 6. Let r(b) = 5*b**2 + 39*b + 1. Let x be r(-8). Let f be x/(-6) + (-104)/16. Calculate n(f).
-6
Let f(d) = -30 + 3*d**2 + 2*d**2 + 2*d**2 + 39 + 3*d + 0*d**2. What is f(4)?
133
Suppose 2*h = -2*h - 8. Let x(r) = -26*r**2 + 28*r + 6. Let j(f) = 8*f**2 - 9*f - 2. Let o(l) = -16*j(l) - 5*x(l). What is o(h)?
2
Let d(w) be the third derivative of -w**4/6 + w**3/6 + 1269*w**2 + 2. Let z = 9 + -7. What is d(z)?
-7
Let d(n) = -9*n**3 - 26*n**2 + 15*n + 3. Let r(u) = 7*u**3 + 19*u**2 - 15*u - 3. Let v(j) = 4*d(j) + 5*r(j). Calculate v(-7).
4
Let u(i) = -9*i**3 + 3*i**2 + 8*i - 5. Let d = 318 - 312. Let x(v) = -11*v**3 + 4*v**2 + 10*v - 6. Let w(y) = d*u(y) - 5*x(y). Determine w(2).
-4
Let q(f) = 22 + 25 - 5*f**2 + 6*f**2 + 28*f. Let u be q(-26). Let s(p) = -2*p**2 + 6*p - 5. Let v(w) = w**2 - 6*w + 5. Let k(o) = 3*s(o) + 4*v(o). Give k(u).
-15
Let m(h) = -h**3 + 2*h**2 - 4*h + 3. Let s(f) = f**2 - 9*f + 16. Let n be (1 - (-7)/(7/4)) + 2. Let a be s(n). Determine m(a).
-5
Let l(g) = g - 1. Let j be l(5). Let k(h) = 2*h - 183*h**2 + 1 + 0 + 1 + 4 + 182*h**2. Let p(y) = -2*y**2 + 4*y + 6. Let o(c) = 3*k(c) - 2*p(c). What is o(j)?
14
Let f(c) be the first derivative of -c**3/3 - 9*c**2 - 23*c - 112. Let q(z) = 2*z**2 + 89*z + 27. Let l be q(-44). What is f(l)?
-6
Suppose 5*s = 6*b - 11*b - 15, -b = 4*s + 12. Suppose i - 20 = -i. Let m be 1 + i/s + 2/6. Let z(x) = -6*x**2 - x - 2. Give z(m).
-24
Let a(s) = s**3 - 1 - s + 0*s**3 - 4*s**2 - s**2. Let t = 79 - 11. Let r = t + -63. What is a(r)?
-6
Let u(k) = -k**3 + 4*k**2 - 3*k + 1. Let x be u(2). Let g be (-42)/56 + (-54)/(-8). Let a(w) = 1 - w**3 - 5*w + w**x - w**3 + g*w. Calculate a(2).
-5
Suppose 0 = -23*x + 25*x - 16. Let a(o) = 16 - 32988*o + x + 32990*o. What is a(-10)?
4
Let m(n) = -n**3 - 6*n**2 + n + 1. Suppose 60 = -3*h + 12. Let s be (16/(-10))/(h/120). Suppose -d = d + s. Calculate m(d).
-5
Let n(h) be the first derivative of -9*h + 20 + 1/2*h**2. Give n(0).
-9
Let f(c) = -139*c - 74. Let y(l) = -79*l - 36. Let g(d) = 4*f(d) - 7*y(d). Calculate g(-17).
7
Let h(t) = -2*t**3 + 29*t**2 - 82*t - 2. Let i(o) = 2*o**3 - 29*o**2 + 105*o + 4. Let s(z) = -4*h(z) - 3*i(z). What is s(14)?
-18
Let n(d) be the second derivative of -d**5/20 - 3*d**4/4 - d**3/6 - 9*d**2/2 - 116*d + 1. What is n(-9)?
0
Let h be (-81 - -82)*(2 + -4 + -5). Let w(d) = 6 - 1 - 9 - 8 - 3*d. Give w(h).
9
Let l(a) = -3*a**2 + a - 1. Suppose 4*c - 4*k = -292, 0*c + 4*c = k - 298. Let j = c + 58. Let m = 18 + j. Determine l(m).
-3
Let l(d) be the first derivative of -1/15*d**6 + 1/60*d**5 + 4*d**2 + 0*d + 0*d**3 + 5 + 1/24*d**4. Let z(v) be the second derivative of l(v). Determine z(-1).
8
Let z(h) = -2*h**3 - 8*h**2 - 4*h - 8. Suppose -2*c = -d - 6, -4*d + 138*c - 20 = 134*c. What is z(d)?
8
Let j(g) = 7*g - 21. Let t(u) = 4*u - 11. Let c(i) = 3*j(i) - 5*t(i). Let k be ((-3)/(-15))/(99/4455). Give c(k).
1
Let t(a) be the second derivative of -3*a**2 + 1/6*a**4 - 19*a + 3 - 4/3*a**3. What is t(7)?
36
Let q(i) = i - 9. Let n(p) = -p - 1. Let v(o) = -4*n(o) - q(o). Let k = 739 + -745. Determine v(k).
-5
Let n(m) = m. Suppose 130*w - 2190 = 349*w. What is n(w)?
-10
Let s(l) = l**3 - 5*l**2 - 11*l + 18. Suppose -623 + 29 = -99*y. What is s(y)?
-12
Let j be 24/60 - 22/5. Let l(c) = -8*c**3 + 24*c**3 + 4*c**2 - 2 - 15*c**3. Calculate l(j).
-2
Let r(v) = -v**3 - 5*v**2 - 5*v - 5. Let w(a) = a**3 - 4*a**2 - 1. Let m be w(4). Suppose -36*g + 38*g = -12. Let j = g - m. What is r(j)?
20
Let z(d) be the first derivative of -4*d**2 + 110*d - 3233. Give z(14).
-2
Let l(z) be the first derivative of -1/4*z**4 - 79 + 2*z**3 - 2*z**2 + 0*z. Let t = 5 - 0. Give l(t).
5
Suppose -2*t - 156 = -3*q + 2*q, 5*t = -5*q + 840. Let k(g) = -2*g + 8. Let p be k(3). Let z(c) = q*c + 7*c**p - 3 + 0 + c**3 - 157*c. Determine z(-6).
-9
Let t(r) = -2*r**2 - 10*r - 7. Let x be t(-4). Suppose -15 = 2*y - 13. Let a(n) = -n + 1. Let q(c) = 2*c - 2. Let v(b) = y*q(b) - 3*a(b). What is v(x)?
0
Suppose 1142*d + 133 = 1161*d. Let o(i) = -3*i - 7. What is o(d)?
-28
Suppose -67*a + 119 = -216. Let r be (-15)/a - (-15)/(8 + -5). Let s(h) = 0 + 2 - 1 - h. What is s(r)?
-1
Let g = -8821 - -8816. Let w(p) = p**3 + 7*p**2 - p - 49. What is w(g)?
6
Suppose 4*l - 241 = 4*c + 5*l, 3*c + 187 = -2*l. Let s be 2/(-7) + 1532/(-28). Let z = s - c. Let w(a) = -a + 5. Calculate w(z).
1
Let i(q) = 2*q**2 + 54*q + 11. Let j = 67 - 94. Let l be i(j). Let s(u) = -u + 17. Give s(l).
6
Let w(m) = -m**2 - 8*m - 13. Suppose -3 = 5*p - 18, 5*l = 5*p - 50. Let j be w(l). Let c = j + 4. Let t(v) = -3*v**3 - 3*v**2 - 2*v